{"id":323,"date":"2024-10-02T18:40:12","date_gmt":"2024-10-02T16:40:12","guid":{"rendered":"https:\/\/tome87.de\/?page_id=323"},"modified":"2024-10-11T20:56:41","modified_gmt":"2024-10-11T18:56:41","slug":"impressum","status":"publish","type":"page","link":"https:\/\/tome87.de\/index.php\/impressum\/","title":{"rendered":"Impressum"},"content":{"rendered":"\n<hr class=\"wp-block-separator has-alpha-channel-opacity\"\/>\n\n\n\n<p class=\"has-text-align-center\">Verantwortlich:<\/p>\n\n\n\n<p><strong>Name:<\/strong><\/p>\n\n\n\n<p>Eyrich Thomas <\/p>\n\n\n\n<p><strong>Adresse:<\/strong><\/p>\n\n\n\n<p>Mindelheimerstr. \/ 86343 K\u00f6nigsbrunn <\/p>\n\n\n\n<p><strong>E-Mail:<\/strong><\/p>\n\n\n\n<p>admin@tome87.de<\/p>\n\n\n\n<p><strong>Telefon:<\/strong><\/p>\n\n\n\n<p>015679 426125<\/p>\n\n\n\n<hr class=\"wp-block-separator has-alpha-channel-opacity\"\/>\n\n\n\n<h2 class=\"wp-block-heading\">Haftungshinweis:<\/h2>\n\n\n\n<p>Trotz sorgf\u00e4ltiger inhaltlicher Kontrolle \u00fcbernehmen wir keine Haftung f\u00fcr die Inhalte externer Links. F\u00fcr den Inhalt der verlinkten Seiten sind ausschlie\u00dflich deren Betreiber verantwortlich.<\/p>\n","protected":false},"excerpt":{"rendered":"<p>Verantwortlich: Name: Eyrich Thomas Adresse: Mindelheimerstr. \/ 86343 K\u00f6nigsbrunn E-Mail: admin@tome87.de Telefon: 015679 426125 Haftungshinweis: Trotz sorgf\u00e4ltiger inhaltlicher Kontrolle \u00fcbernehmen wir keine Haftung f\u00fcr die Inhalte externer Links. F\u00fcr den Inhalt der verlinkten Seiten sind ausschlie\u00dflich deren Betreiber verantwortlich.<\/p>\n","protected":false},"author":1,"featured_media":0,"parent":0,"menu_order":0,"comment_status":"closed","ping_status":"closed","template":"","meta":{"_sitemap_exclude":false,"_sitemap_priority":"","_sitemap_frequency":"","jetpack_post_was_ever_published":false,"footnotes":""},"class_list":["post-323","page","type-page","status-publish","hentry"],"jetpack_sharing_enabled":false,"jetpack_likes_enabled":false,"_links":{"self":[{"href":"https:\/\/tome87.de\/index.php\/wp-json\/wp\/v2\/pages\/323","targetHints":{"allow":["GET"]}}],"collection":[{"href":"https:\/\/tome87.de\/index.php\/wp-json\/wp\/v2\/pages"}],"about":[{"href":"https:\/\/tome87.de\/index.php\/wp-json\/wp\/v2\/types\/page"}],"author":[{"embeddable":true,"href":"https:\/\/tome87.de\/index.php\/wp-json\/wp\/v2\/users\/1"}],"replies":[{"embeddable":true,"href":"https:\/\/tome87.de\/index.php\/wp-json\/wp\/v2\/comments?post=323"}],"version-history":[{"count":6,"href":"https:\/\/tome87.de\/index.php\/wp-json\/wp\/v2\/pages\/323\/revisions"}],"predecessor-version":[{"id":1002,"href":"https:\/\/tome87.de\/index.php\/wp-json\/wp\/v2\/pages\/323\/revisions\/1002"}],"wp:attachment":[{"href":"https:\/\/tome87.de\/index.php\/wp-json\/wp\/v2\/media?parent=323"}],"curies":[{"name":"wp","href":"https:\/\/api.w.org\/{rel}","templated":true}]}}